{"id":8152,"date":"2022-05-17T23:15:59","date_gmt":"2022-05-17T21:15:59","guid":{"rendered":"https:\/\/oldenburger-sternfreunde.de\/?page_id=8152"},"modified":"2022-05-17T23:18:28","modified_gmt":"2022-05-17T21:18:28","slug":"astronomie-netzwerk-weser-ems","status":"publish","type":"page","link":"https:\/\/oldenburger-sternfreunde.de\/","title":{"rendered":"Astronomie Netzwerk Weser-Ems"},"content":{"rendered":"<h2 id=\"4fn6j6\" class=\"post-title p-name entry-title\">Regionales \u201eAstronomie Netzwerk Weser-Ems\u201c gegr\u00fcndet<\/h2>\n<p>Erstmalig kamen am 07.05.2022 in Wilhelmshaven die Oldenburger Sternfreunde, der Astronomische Verein Wilhelmshaven-Friesland und der Astronomie Club Ostfriesland zu einem regionalen Astronomie-Treffen zusammen. Jede dieser Vereinigungen hat im Rahmen der Astronomie erfolgreich ihre Schwerpunkte gesetzt, so dass ein regelm\u00e4\u00dfiger Austausch und eine Zusammenarbeit bei der Entwicklung, F\u00f6rderung und Pflege der Astronomie sehr sinnvoll und zweckm\u00e4\u00dfig sind.<\/p>\n<p>Aus diesem Grunde wurde auf diesem Treffen die Gr\u00fcndung des regionalen \u201eAstronomie Netzwerkes Weser-Ems\u201c (\u201eANWE\u201c) beschlossen. Dieses Netzwerk dient der Entwicklung, F\u00f6rderung und Pflege der Astronomie in Theorie und Praxis sowie der damit verbundenen Wissenschaften durch astronomische Beobachtungen, Forschungen, Lehrveranstaltungen, Vortr\u00e4ge, Studien, Anwendung und Entwicklung von astronomischer Technik und andere Ma\u00dfnahmen.&nbsp;Es soll hierbei dem Erfahrungs- und Wissensaustausch auf allen Gebieten der Astronomie und den gemeinsamen Interessen alle Beteiligten und dem Gemeinwohl dienen.<\/p>\n<p>Zu diesem Zwecke soll es in regelm\u00e4\u00dfigen Abst\u00e4nden regionale Astronomie-Treffen an den jeweiligen Standorten der am Netzwerk beteiligten Vereinigungen geben. Des Weiteren ist das Netzwerk offen f\u00fcr die Beteiligung von weiteren Institutionen und auch von Einzelpersonen auf dem Gebiet der Astronomie und der damit assoziierten Wissenschaften. In einem ersten Schritt soll eine gemeinsame Informationsplattform f\u00fcr die interessierte \u00d6ffentlichkeit eingerichtet werden. Auf dieser wird \u00fcber alle Aktivit\u00e4ten auf dem Gebiet der Astronomie im Raum Weser-Ems informiert. Des Weiteren kann mit dieser auch Kontakt mit uns aufgenommen werden, welcher dann entsprechend an die geeignete Ansprechpartnerin oder den geeigneten Ansprechpartner weitergeleitet wird. Schritt f\u00fcr Schritt wird das Astronomie Netzwerk Weser-Ems von uns nun aufgebaut und fest in unserer Region etabliert werden.<\/p>\n<p>Jakob Riemer, Koordinator der Oldenburger Sternfreunde<\/p>\n<p>Andreas Schwarz, Vorsitzender des Astronomischen Vereins Wilhelmshaven-Friesland<\/p>\n<p>Arthur Weber, Vorsitzender des Astronomie Clubs Ostfriesland<\/p>\n<figure class=\"wp-block-image size-large\"><img loading=\"lazy\" decoding=\"async\" class=\"wp-image-1771\" src=\"https:\/\/www.astronomie-whv-fri.de\/wp-content\/uploads\/2022\/05\/Bild-Vorsitzende-OLSF-AVWF-ACO-1024x768.jpg\" sizes=\"auto, (max-width: 1024px) 100vw, 1024px\" srcset=\"https:\/\/www.astronomie-whv-fri.de\/wp-content\/uploads\/2022\/05\/Bild-Vorsitzende-OLSF-AVWF-ACO-1024x768.jpg 1024w, https:\/\/www.astronomie-whv-fri.de\/wp-content\/uploads\/2022\/05\/Bild-Vorsitzende-OLSF-AVWF-ACO-300x225.jpg 300w, https:\/\/www.astronomie-whv-fri.de\/wp-content\/uploads\/2022\/05\/Bild-Vorsitzende-OLSF-AVWF-ACO-768x576.jpg 768w, https:\/\/www.astronomie-whv-fri.de\/wp-content\/uploads\/2022\/05\/Bild-Vorsitzende-OLSF-AVWF-ACO-1536x1152.jpg 1536w, https:\/\/www.astronomie-whv-fri.de\/wp-content\/uploads\/2022\/05\/Bild-Vorsitzende-OLSF-AVWF-ACO.jpg 2016w\" alt=\"\" width=\"1024\" height=\"768\"><figcaption>Das Bild (Aufgenommen von Sven Wischmann) zeigt von links nach rechts: Jakob Riemer, Andreas Schwarz und Arthur Weber<br \/>\n(C) Andreas Schwarz&nbsp; https:\/\/www.astronomie-whv-fri.de\/2022\/05\/08\/regionales-astronomie-netzwerk-weser-ems-gegruendet\/<\/figcaption><\/figure>\n","protected":false},"excerpt":{"rendered":"<p>Regionales \u201eAstronomie Netzwerk Weser-Ems\u201c gegr\u00fcndet Erstmalig kamen am 07.05.2022 in Wilhelmshaven die Oldenburger Sternfreunde, der Astronomische Verein Wilhelmshaven-Friesland und der Astronomie Club Ostfriesland zu einem regionalen Astronomie-Treffen zusammen. Jede dieser Vereinigungen hat im Rahmen der Astronomie erfolgreich ihre Schwerpunkte gesetzt, so dass ein regelm\u00e4\u00dfiger Austausch und eine Zusammenarbeit bei der Entwicklung, F\u00f6rderung und Pflege der &hellip; <a href=\"https:\/\/oldenburger-sternfreunde.de\/\" class=\"more-link\"><span class=\"screen-reader-text\">\u201eAstronomie Netzwerk Weser-Ems\u201c <\/span>weiterlesen<\/a><\/p>\n","protected":false},"author":18,"featured_media":0,"parent":8146,"menu_order":0,"comment_status":"closed","ping_status":"closed","template":"","meta":{"footnotes":""},"class_list":["post-8152","page","type-page","status-publish","hentry"],"_links":{"self":[{"href":"https:\/\/oldenburger-sternfreunde.de\/index.php?rest_route=\/wp\/v2\/pages\/8152","targetHints":{"allow":["GET"]}}],"collection":[{"href":"https:\/\/oldenburger-sternfreunde.de\/index.php?rest_route=\/wp\/v2\/pages"}],"about":[{"href":"https:\/\/oldenburger-sternfreunde.de\/index.php?rest_route=\/wp\/v2\/types\/page"}],"author":[{"embeddable":true,"href":"https:\/\/oldenburger-sternfreunde.de\/index.php?rest_route=\/wp\/v2\/users\/18"}],"replies":[{"embeddable":true,"href":"https:\/\/oldenburger-sternfreunde.de\/index.php?rest_route=%2Fwp%2Fv2%2Fcomments&post=8152"}],"version-history":[{"count":2,"href":"https:\/\/oldenburger-sternfreunde.de\/index.php?rest_route=\/wp\/v2\/pages\/8152\/revisions"}],"predecessor-version":[{"id":8154,"href":"https:\/\/oldenburger-sternfreunde.de\/index.php?rest_route=\/wp\/v2\/pages\/8152\/revisions\/8154"}],"up":[{"embeddable":true,"href":"https:\/\/oldenburger-sternfreunde.de\/index.php?rest_route=\/wp\/v2\/pages\/8146"}],"wp:attachment":[{"href":"https:\/\/oldenburger-sternfreunde.de\/index.php?rest_route=%2Fwp%2Fv2%2Fmedia&parent=8152"}],"curies":[{"name":"wp","href":"https:\/\/api.w.org\/{rel}","templated":true}]}}

<h2 id="4fn6j6" class="post-title p-name entry-title">Regionales „Astronomie Netzwerk Weser-Ems“ gegründet</h2>
<p>Erstmalig kamen am 07.05.2022 in Wilhelmshaven die Oldenburger Sternfreunde, der Astronomische Verein Wilhelmshaven-Friesland und der Astronomie Club Ostfriesland zu einem regionalen Astronomie-Treffen zusammen. Jede dieser Vereinigungen hat im Rahmen der Astronomie erfolgreich ihre Schwerpunkte gesetzt, so dass ein regelmäßiger Austausch und eine Zusammenarbeit bei der Entwicklung, Förderung und Pflege der Astronomie sehr sinnvoll und zweckmäßig sind.</p>
<p>Aus diesem Grunde wurde auf diesem Treffen die Gründung des regionalen „Astronomie Netzwerkes Weser-Ems“ („ANWE“) beschlossen. Dieses Netzwerk dient der Entwicklung, Förderung und Pflege der Astronomie in Theorie und Praxis sowie der damit verbundenen Wissenschaften durch astronomische Beobachtungen, Forschungen, Lehrveranstaltungen, Vorträge, Studien, Anwendung und Entwicklung von astronomischer Technik und andere Maßnahmen.&nbsp;Es soll hierbei dem Erfahrungs- und Wissensaustausch auf allen Gebieten der Astronomie und den gemeinsamen Interessen alle Beteiligten und dem Gemeinwohl dienen.</p>
<p>Zu diesem Zwecke soll es in regelmäßigen Abständen regionale Astronomie-Treffen an den jeweiligen Standorten der am Netzwerk beteiligten Vereinigungen geben. Des Weiteren ist das Netzwerk offen für die Beteiligung von weiteren Institutionen und auch von Einzelpersonen auf dem Gebiet der Astronomie und der damit assoziierten Wissenschaften. In einem ersten Schritt soll eine gemeinsame Informationsplattform für die interessierte Öffentlichkeit eingerichtet werden. Auf dieser wird über alle Aktivitäten auf dem Gebiet der Astronomie im Raum Weser-Ems informiert. Des Weiteren kann mit dieser auch Kontakt mit uns aufgenommen werden, welcher dann entsprechend an die geeignete Ansprechpartnerin oder den geeigneten Ansprechpartner weitergeleitet wird. Schritt für Schritt wird das Astronomie Netzwerk Weser-Ems von uns nun aufgebaut und fest in unserer Region etabliert werden.</p>
<p>Jakob Riemer, Koordinator der Oldenburger Sternfreunde</p>
<p>Andreas Schwarz, Vorsitzender des Astronomischen Vereins Wilhelmshaven-Friesland</p>
<p>Arthur Weber, Vorsitzender des Astronomie Clubs Ostfriesland</p>
<figure class="wp-block-image size-large"><img loading="lazy" decoding="async" class="wp-image-1771" src="https://www.astronomie-whv-fri.de/wp-content/uploads/2022/05/Bild-Vorsitzende-OLSF-AVWF-ACO-1024x768.jpg" sizes="auto, (max-width: 1024px) 100vw, 1024px" srcset="https://www.astronomie-whv-fri.de/wp-content/uploads/2022/05/Bild-Vorsitzende-OLSF-AVWF-ACO-1024x768.jpg 1024w, https://www.astronomie-whv-fri.de/wp-content/uploads/2022/05/Bild-Vorsitzende-OLSF-AVWF-ACO-300x225.jpg 300w, https://www.astronomie-whv-fri.de/wp-content/uploads/2022/05/Bild-Vorsitzende-OLSF-AVWF-ACO-768x576.jpg 768w, https://www.astronomie-whv-fri.de/wp-content/uploads/2022/05/Bild-Vorsitzende-OLSF-AVWF-ACO-1536x1152.jpg 1536w, https://www.astronomie-whv-fri.de/wp-content/uploads/2022/05/Bild-Vorsitzende-OLSF-AVWF-ACO.jpg 2016w" alt="" width="1024" height="768"><figcaption>Das Bild (Aufgenommen von Sven Wischmann) zeigt von links nach rechts: Jakob Riemer, Andreas Schwarz und Arthur Weber<br />
(C) Andreas Schwarz&nbsp; https://www.astronomie-whv-fri.de/2022/05/08/regionales-astronomie-netzwerk-weser-ems-gegruendet/</figcaption></figure>

<p>Regionales „Astronomie Netzwerk Weser-Ems“ gegründet Erstmalig kamen am 07.05.2022 in Wilhelmshaven die Oldenburger Sternfreunde, der Astronomische Verein Wilhelmshaven-Friesland und der Astronomie Club Ostfriesland zu einem regionalen Astronomie-Treffen zusammen. Jede dieser Vereinigungen hat im Rahmen der Astronomie erfolgreich ihre Schwerpunkte gesetzt, so dass ein regelmäßiger Austausch und eine Zusammenarbeit bei der Entwicklung, Förderung und Pflege der &hellip; <a href="https://oldenburger-sternfreunde.de/" class="more-link"><span class="screen-reader-text">„Astronomie Netzwerk Weser-Ems“ </span>weiterlesen</a></p>
