{"id":5455,"date":"2018-05-20T22:31:27","date_gmt":"2018-05-20T20:31:27","guid":{"rendered":"https:\/\/oldenburger-sternfreunde.de.62-108-32-103.org-dns.com\/?page_id=5455"},"modified":"2021-09-17T21:47:26","modified_gmt":"2021-09-17T19:47:26","slug":"datenschutzerklaerung","status":"publish","type":"page","link":"https:\/\/oldenburger-sternfreunde.de\/?page_id=5455","title":{"rendered":"Datenschutzerkl\u00e4rung"},"content":{"rendered":"\n<p><\/p>\n\n\n<h2>Wer wir sind<\/h2>\n<p>Wir sind eine Gruppierung von Freunden der Astronomie, die nach 26 Jahren Vereinst\u00e4tigkeit die Rechte und Pflichten des &#8222;e.V.&#8220; abgelegt haben, um sich wieder dem Kern der Dinge zuwenden zu k\u00f6nnen.<\/p>\n<p><strong><em>Wir sind nun wieder Sternfreunde!<\/em><\/strong><\/p>\n<p>Du erreichst uns im Internet \u00fcber: <a href=\"https:\/\/oldenburger-sternfreunde.de\" target=\"_blank\" rel=\"noopener\">https:\/\/oldenburger-sternfreunde.de<\/a> bzw. <a href=\"https:\/\/AVOS.org\" target=\"_blank\" rel=\"noopener\">https:\/\/AVOS.org<\/a><\/p>\n<h2>Welche personenbezogenen Daten wir sammeln und warum wir sie sammeln<\/h2>\n<p>Vorweg: Wir achten deine Privatsph\u00e4re! Wir erheben nur die Daten die wir zum Betrieb der Dienste, die wir dir zur Verf\u00fcgung stellen, ben\u00f6tigen!<\/p>\n<p>Wir verwenden Cookies um dich wieder zu erkennen.<br>\nWir speichern deine IP Adresse, die Uhrzeit, die Art, und die H\u00e4ufigkeit deines Zugriffs. Diese Daten ben\u00f6tigen wir um uns u.a. vor Angriffen zu sch\u00fctzen und den Betrieb unserer Dienste zu erm\u00f6glichen.<br>\nWenn du dich anmeldest, speichern wir deine E-Mail Adresse und ggf. weitere Informationen, die du uns angibst.<br>\nDes Weiteren bieten wir Dienste, die du nutzen kannst, auch ohne registriert zu sein. Gibst du hier Daten an, werden diese u.a. auch ohne zeitliche Begrenzung gespeichert (z.B. bei einem G\u00e4stebuch Eintrag).<br>\nPersonenbezogene Daten werden nicht nur bei Interaktionen von dir mit dieser Website erstellt.<\/p>\n<p>Wir erheben also nicht mehr Daten, als wir f\u00fcr die Bereitstellung der Dienste f\u00fcr dich ben\u00f6tigen! Wir l\u00f6schen sie, sobald der Sinn ihres Zwecks verfallen ist!<\/p>\n<h2>Im Detail bedeutet das genau:<\/h2>\n<h3>Kommentare<\/h3>\n<p>Wenn Besucher Kommentare auf der Website schreiben, sammeln wir die Daten, die im Kommentar-Formular angezeigt werden, au\u00dferdem die IP-Adresse des Besuchers und den User-Agent-String (damit wird der Browser identifiziert), um die Erkennung von Spam zu unterst\u00fctzen.<\/p>\n<p>Aus deiner E-Mail-Adresse kann eine anonymisierte Zeichenfolge erstellt (auch Hash genannt) und dem Gravatar-Dienst \u00fcbergeben werden, um zu pr\u00fcfen, ob du diesen benutzt. Die Datenschutzerkl\u00e4rung des Gravatar-Dienstes findest du hier: https:\/\/automattic.com\/privacy\/. Nachdem dein Kommentar freigegeben wurde, ist dein Profilbild \u00f6ffentlich im Kontext deines Kommentars sichtbar.<\/p>\n<h3>Medien<\/h3>\n<p>Wenn du ein registrierter Benutzer bist und Fotos auf diese Website l\u00e4dst, solltest du vermeiden, Fotos mit einem EXIF-GPS-Standort hochzuladen. Besucher dieser Website k\u00f6nnten Fotos, die auf dieser Website gespeichert sind, herunterladen und deren Standort-Informationen extrahieren.<\/p>\n<h3>Kontaktformulare<\/h3>\n<p>Verwendest du ein Kontaktformular auf unserer Seite, werden die von dir angegebenen Daten an deinen gew\u00fcnschten Kontaktpartner\/Gruppe weiter gereicht. Die Daten werden nur f\u00fcr den Zweck des Kontaktes und nur f\u00fcr die daf\u00fcr ben\u00f6tigte Zeit gespeichert.<\/p>\n<h3>G\u00e4stebuch<\/h3>\n<p>Wenn Besucher auf der Website Eintr\u00e4ge hinterlassen, speichern wir die in das G\u00e4stebuch-Formular eingegebenen Daten sowie m\u00f6glicherweise auch die IP-Adresse und den Host-Namen des Besuchers, um die Spam-Erkennung zu verbessern.<\/p>\n<p>Eine anonymisierte Zeichenkette (auch Hash genannt), die aus deiner E-Mail-Adresse erstellt wurde, kann dem Dienst Gravatar zur Verf\u00fcgung gestellt werden, um zu \u00fcberpr\u00fcfen, ob du diesen verwendest. Die Datenschutzerkl\u00e4rung des Dienstes Gravatar ist hier verf\u00fcgbar: https:\/\/automattic.com\/privacy\/. Nach Freischaltung deines Eintrags ist dein Profilbild im Zusammenhang mit deinem G\u00e4stebuch-Eintrag \u00f6ffentlich sichtbar.<\/p>\n<p>Der abgeschickte Eintrag und seine Metadaten k\u00f6nnen zu Drittanbietern wie z. B. Akismet und Stop Forum Spam gesendet werden, um die Spam-Erkennung zu verbessern. Deren jeweilige Datenschutzerkl\u00e4rungen finden sich unter https:\/\/automattic.com\/privacy\/ und https:\/\/www.stopforumspam.com\/privacy.<\/p>\n<h3>Ultimate Member<\/h3>\n<p>Alle Daten die du in die Eingabefelder der Formulare der Registration, des Logins und der Profile hinterlegst, werden auf unbestimmte Zeit gespeichert.<br>\nAlle Ultimate Member Daten kannst du selbst im Mem\u00fc exportieren oder l\u00f6schen. Mit dem L\u00f6schen deines Profils werden auch deine Ultimate Member Daten gel\u00f6scht.<\/p>\n<h3>Cookies<\/h3>\n<p>Wenn du einen Kommentar auf unserer Website schreibst, kann das eine Einwilligung sein, deinen Namen, E-Mail-Adresse und Website in Cookies zu speichern. Dies ist eine Komfortfunktion, damit du nicht, wenn du einen weiteren Kommentar schreibst, all diese Daten erneut eingeben musst. Diese Cookies werden ein Jahr lang gespeichert.<\/p>\n<p>Falls du ein Konto hast und dich auf dieser Website anmeldest, werden wir ein tempor\u00e4res Cookie setzen, um festzustellen, ob dein Browser Cookies akzeptiert. Dieses Cookie enth\u00e4lt keine personenbezogenen Daten und wird verworfen, wenn du deinen Browser schlie\u00dft.<\/p>\n<p>Wenn du dich anmeldest, werden wir einige Cookies einrichten, um deine Anmeldeinformationen und Anzeigeoptionen zu speichern. Anmelde-Cookies verfallen nach zwei Tagen und Cookies f\u00fcr die Anzeigeoptionen nach einem Jahr. Falls du bei der Anmeldung \u201eAngemeldet bleiben\u201c ausw\u00e4hlst, wird deine Anmeldung zwei Wochen lang aufrechterhalten. Mit der Abmeldung aus deinem Konto werden die Anmelde-Cookies gel\u00f6scht.<\/p>\n<p>Wenn du einen Artikel bearbeitest oder ver\u00f6ffentlichst, wird ein zus\u00e4tzlicher Cookie in deinem Browser gespeichert. Dieser Cookie enth\u00e4lt keine personenbezogenen Daten und verweist nur auf die Beitrags-ID des Artikels, den du gerade bearbeitet hast. Der Cookie verf\u00e4llt nach einem Tag.<\/p>\n<h3>Eingebettete Inhalte von anderen Websites<\/h3>\n<p>Beitr\u00e4ge auf dieser Website k\u00f6nnen eingebettete Inhalte beinhalten (z.&nbsp;B. Videos, Bilder, Beitr\u00e4ge etc.). Eingebettete Inhalte von anderen Websites verhalten sich exakt so, als ob der Besucher die andere Website besucht h\u00e4tte.<\/p>\n<p>Diese Websites k\u00f6nnen Daten \u00fcber dich sammeln, Cookies benutzen, zus\u00e4tzliche Tracking-Dienste von Dritten einbetten und deine Interaktion mit diesem eingebetteten Inhalt aufzeichnen, inklusive deiner Interaktion mit dem eingebetteten Inhalt, falls du ein Konto hast und auf dieser Website angemeldet bist.<\/p>\n<h3>Analysedienste<\/h3>\n<p>Wir versuchen, wo es technisch geht, auf Analysedienste Dritter zu verzichten. Es kann dennoch vorkommen, dass Analsyedienste wie die Dienste von Google Analytics zum Einsatz kommen. Analysedienste k\u00f6nnen grunds\u00e4tzlich Daten \u00fcber dich sammeln, Cookies benutzen und zus\u00e4tzliche Tracking-Dienste von Dritten einbetten. M\u00f6chtest du dich vor Google Analytics sch\u00fctzen, kannst Du von Google ein Browser-Plugin herunterladen, welches dein Interesse gegen\u00fcber Googel durchsetzt. Das Plugin findest du hier: <a href=\"http:\/\/tools.google.com\/dlpage\/gaoptout?hl=de\">http:\/\/tools.google.com\/dlpage\/gaoptout?hl=de <\/a><\/p>\n<h2>Mit wem wir deine Daten teilen<\/h2>\n<p>Wir teilen deine Daten nur auf deine Bitte hin, oder weil es technisch f\u00fcr das entsprechende Modul n\u00f6tig ist. Diese Daten begrenzen sich auf das absolut technische Minimum.<\/p>\n<h2>Wie lange wir deine Daten speichern<\/h2>\n<p>Wenn du einen Kommentar schreibst, wird dieser inklusive Metadaten zeitlich unbegrenzt gespeichert. Auf diese Art k\u00f6nnen wir Folgekommentare automatisch erkennen und freigeben, anstatt sie in einer Moderations-Warteschlange festzuhalten.<\/p>\n<p>F\u00fcr Benutzer, die sich auf unserer Website registrieren, speichern wir zus\u00e4tzlich die pers\u00f6nlichen Informationen, die sie in ihren Benutzerprofilen angeben. Alle Benutzer k\u00f6nnen jederzeit ihre pers\u00f6nlichen Informationen einsehen, ver\u00e4ndern oder l\u00f6schen (der Benutzername kann nicht ver\u00e4ndert werden). Administratoren der Website k\u00f6nnen diese Informationen ebenfalls einsehen und ver\u00e4ndern.<\/p>\n<h2>Welche Rechte du an deinen Daten hast<\/h2>\n<p>Wenn du ein Konto auf dieser Website besitzt oder Kommentare geschrieben hast, kannst du einen Export deiner personenbezogenen Daten bei uns anfordern, inklusive aller Daten, die du uns mitgeteilt hast. Dar\u00fcber hinaus kannst du die L\u00f6schung aller personenbezogenen daten, die wir von dir gespeichert haben, anfordern. Dies umfasst nicht die Daten, die wir aufgrund administrativer, rechtlicher oder sicherheitsrelevanter Notwendigkeiten aufbewahren m\u00fcssen.<\/p>\n<h2>Wohin wir deine Daten senden<\/h2>\n<p>Wir geben direkt keine Daten an Dritte weiter, es kann allerdings technische Gr\u00fcnde f\u00fcr eine Weiterreichung von bestimmten Daten an Dritte geben.<br>\nEin Beispiel ist hier der Captcha Dienst, der uns vor Spam und Angriffen sch\u00fctzt, wobei bestimmte Information aus technischen Gr\u00fcnden f\u00fcr diese Anfrage an Dritte weitergereicht werden m\u00fcssen.<\/p>\n<h2>Wie wir deine Daten sch\u00fctzen<\/h2>\n<p>Wir sind keine Technik-Leien und wissen mit der Technik um zu gehen. Wir haben einen guten Dienstleister f\u00fcr das Hosting, der sich um die Sicherheit unserer Behausung bem\u00fcht. Die Systeme und damit deine Daten liegen auf deutschen co\u00b2 neutralen Servern.<br>\nWir halten unsere Systeme nach bestem Gewissen auf dem neusten Stand und pr\u00fcfen mit verschiedenen Systemen auf Sicherheitsprobleme.<br>\nAus technischer Sicht kann es allerdings erforderlich sein, ein Update heraus zu z\u00f6gern.<\/p>\n<h2>Welche Ma\u00dfnahmen wir bei Datenschutzverletzungen anbieten<\/h2>\n<p>Sollte es etwaige Probleme oder Fragen geben, nimm bitte direkt mit uns Kontakt auf und suche das direkte Gespr\u00e4ch. Du erreichst uns \u00fcber den Men\u00fcpunkt &#8222;Kontakt&#8220;.<\/p>","protected":false},"excerpt":{"rendered":"<p>Wer wir sind Wir sind eine Gruppierung von Freunden der Astronomie, die nach 26 Jahren Vereinst\u00e4tigkeit die Rechte und Pflichten des &#8222;e.V.&#8220; abgelegt haben, um sich wieder dem Kern der Dinge zuwenden zu k\u00f6nnen. Wir sind nun wieder Sternfreunde! Du erreichst uns im Internet \u00fcber: https:\/\/oldenburger-sternfreunde.de bzw. https:\/\/AVOS.org Welche personenbezogenen Daten wir sammeln und warum &hellip; <a href=\"https:\/\/oldenburger-sternfreunde.de\/?page_id=5455\" class=\"more-link\"><span class=\"screen-reader-text\">\u201eDatenschutzerkl\u00e4rung\u201c <\/span>weiterlesen<\/a><\/p>\n","protected":false},"author":18,"featured_media":0,"parent":0,"menu_order":0,"comment_status":"closed","ping_status":"closed","template":"","meta":{"footnotes":""},"class_list":["post-5455","page","type-page","status-publish","hentry"],"_links":{"self":[{"href":"https:\/\/oldenburger-sternfreunde.de\/index.php?rest_route=\/wp\/v2\/pages\/5455","targetHints":{"allow":["GET"]}}],"collection":[{"href":"https:\/\/oldenburger-sternfreunde.de\/index.php?rest_route=\/wp\/v2\/pages"}],"about":[{"href":"https:\/\/oldenburger-sternfreunde.de\/index.php?rest_route=\/wp\/v2\/types\/page"}],"author":[{"embeddable":true,"href":"https:\/\/oldenburger-sternfreunde.de\/index.php?rest_route=\/wp\/v2\/users\/18"}],"replies":[{"embeddable":true,"href":"https:\/\/oldenburger-sternfreunde.de\/index.php?rest_route=%2Fwp%2Fv2%2Fcomments&post=5455"}],"version-history":[{"count":20,"href":"https:\/\/oldenburger-sternfreunde.de\/index.php?rest_route=\/wp\/v2\/pages\/5455\/revisions"}],"predecessor-version":[{"id":7237,"href":"https:\/\/oldenburger-sternfreunde.de\/index.php?rest_route=\/wp\/v2\/pages\/5455\/revisions\/7237"}],"wp:attachment":[{"href":"https:\/\/oldenburger-sternfreunde.de\/index.php?rest_route=%2Fwp%2Fv2%2Fmedia&parent=5455"}],"curies":[{"name":"wp","href":"https:\/\/api.w.org\/{rel}","templated":true}]}}